m/27)/(o/90)?
3, 5
Suppose 4*c - 7 = 1. Suppose 2*h - 3*l + l = 14, -3*h + c*l + 16 = 0. Suppose 2*y = -h + 8. What are the prime factors of y?
3
Suppose 2*f + 2*f - 2*h = 30, 4*f - 27 = 3*h. What are the prime factors of ((-6)/f)/(3/(-27))?
2, 3
What are the prime factors of 4/(-6)*69/(-2)?
23
Let g(f) = 4*f**2 - 14*f + 21. What are the prime factors of g(8)?
3, 5, 11
Let w be 2/9 - 2/9. Suppose w = q - 4 + 1. Suppose -21 = -q*v + 6. List the prime factors of v.
3
Suppose 19*m - 1240 = 9*m. What are the prime factors of m?
2, 31
Let a = -121 + 62. Let n = -34 - a. What are the prime factors of n?
5
Let s = -5 - -2. Let o be (14/(-4))/(5/30). List the prime factors of (0 + s)/(3/o).
3, 7
Suppose -33 = -3*b + 4*x, -6 = -b - 3*x + 6*x. Suppose -5*z = -b, -4*m + 37 = 2*z + z. What are the prime factors of m?
7
Suppose 2*t + 3*i = 24, 2*i - i - 12 = -t. Suppose 0 = 3*m - 3*u + t, -3*m - 23 = 2*m - 2*u. Let q = 14 + m. What are the prime factors of q?
3
List the prime factors of ((-2)/6)/((-7)/168).
2
Let x(d) = -d**3 - 4*d**2 + 4*d - 2. Let a be x(-5). Suppose 50 - 11 = a*r - q, 13 = r - q. Suppose 23 = 3*j - r. What are the prime factors of j?
2, 3
Let s = -30 + 78. Suppose 0*w + 2*w - s = 0. List the prime factors of w.
2, 3
Suppose 5*c - 598 = -78. List the prime factors of (-6)/(-27) + c/18.
2, 3
Let d(l) = l**2 - 4*l. Let o be d(-4). Let a = o + -9. List the prime factors of a.
23
Let y be 1*2/4*-4. Let m(b) = -6*b - 5. What are the prime factors of m(y)?
7
Suppose -4*r + 12 = -0*r. What are the prime factors of r - 2*(-3)/2?
2, 3
Suppose 3 = -3*o + 2*o. Let m be (o/1)/((-9)/30). What are the prime factors of ((-12)/5)/((-3)/m)?
2
Let r = 113 - 26. What are the prime factors of r?
3, 29
Suppose -1 = t - 0. What are the prime factors of t/2 - (-150)/12?
2, 3
Suppose -t - 1 = 2. Let w be -16*t*(-1)/6. What are the prime factors of w*-2*(-3)/(-4)?
2, 3
Let p = -355 - -625. What are the prime factors of p?
2, 3, 5
Let h be (41/(-3))/((-11)/33). Let l = 71 - h. What are the prime factors of l?
2, 3, 5
Let y(n) = n**3 - 11*n**2 - 11*n - 42. List the prime factors of y(13).
3, 17
Suppose -b + 2*q - 3 = 0, 2*b + 11 = -4*q - 3. Let s = 9 + b. Suppose s*y = -y + 15. What are the prime factors of y?
3
List the prime factors of (8/20)/((-4)/(-10)) + 28.
29
Suppose l = -2*l + 207. List the prime factors of l.
3, 23
Suppose -5*g - 21 = -3*u, 3*g - 2*g + 5 = u. Let s(y) = -2*y**u + 5*y**2 + y**3 + y + 0*y**2 + 1. What are the prime factors of s(-2)?
3
What are the prime factors of 4/(-2) - (-39 - (-9)/3)?
2, 17
Suppose -3*o = -7*o - 212. Let s = -38 - o. List the prime factors of s.
3, 5
Suppose -9 = -m - 3*o, 0 = 5*m + o + 8 - 25. Suppose 0*u + m*u = 33. Suppose 5*l = -r + u, r = -0*r + l + 5. List the prime factors of r.
2, 3
Suppose -4*w + 1 + 23 = 0. Suppose -k + 4*l = 12, 0 = 5*l - 17 - 3. Suppose 0 = -a + k + w. What are the prime factors of a?
2, 5
Let h = 5 + -5. Suppose 0 = 4*n + n - 65. Suppose h = -4*c - n + 57. List the prime factors of c.
11
Suppose 6 = -7*s + 160. Let i = -6 - -11. Suppose -i = -3*m + s. What are the prime factors of m?
3
Suppose 2*h = -h + 9. Suppose -h*d + 84 = -42. List the prime factors of d.
2, 3, 7
Suppose 0 = -3*t + 5*w + 149 + 57, -4*w + 130 = 2*t. List the prime factors of t.
67
Suppose -2*s = 3*z - 242, 2*z + 5*s + 58 = 3*z. List the prime factors of z.
2, 3, 13
Suppose p - 5 = 2*f, 0*f = -f + 3*p + 5. List the prime factors of f/26 + (-2107)/(-91).
23
Suppose -4*r + 24 = 8. Suppose 0*a + 2*c + 40 = 4*a, -2*c + 32 = r*a. List the prime factors of a.
3
Let a(s) be the first derivative of s**3/3 + 2*s**2 - s - 2. What are the prime factors of a(-6)?
11
Let g(a) = -a + 1. Let x be g(1). Suppose x = -2*p - 2*p + 44. List the prime factors of p.
11
Suppose 3*p - 39 = -0*p. What are the prime factors of p?
13
Let q(u) = -u + 1. Let l be q(-6). Let w(z) = 6*z**3 - z**2 + 1. Let m be w(1). Let f = m + l. List the prime factors of f.
13
Suppose -4*s + 3*r + 17 + 4 = 0, -2*r = -2*s + 12. Suppose f - s*f = -60. What are the prime factors of f?
2, 3, 5
Let i be ((-7)/2)/((-1)/2). Let s = -5 - -5. Suppose s = -5*g + i + 3. What are the prime factors of g?
2
Let i be -1 - -2*2/(-4). Let v = 5 + i. List the prime factors of v.
3
Let g(m) = -7*m - 1. Suppose 2*i - 3 = -5. What are the prime factors of g(i)?
2, 3
Let h(f) = -f**3 - 3*f**2 + 5. Let p be 3/(-1*(-9)/(-12)). List the prime factors of h(p).
3, 7
Suppose 3*x - 35 - 8 = -4*t, -x + 4*t - 7 = 0. What are the prime factors of x?
3
List the prime factors of (-1)/(4/3)*-36.
3
Let y(i) = 6 - 6*i + 2 + 0 - 1. What are the prime factors of y(-4)?
31
Let g be (8/6)/((-2)/(-6)). Suppose 0 = -h + 2*r + 1, 29 = h + r + g*r. Suppose 3*s - 4*z - 64 = 0, 3*s - 2*z - h = 47. What are the prime factors of s?
2
Let f be (-1)/(-1 + (-20)/(-19)). Let z be (-6)/9 - f/(-3). List the prime factors of 2/(-4)*(3 + z).
2
Let y = 34 - 20. Let h = y + -12. What are the prime factors of h?
2
What are the prime factors of (11 - 14)/((-6)/8)?
2
Let k = 5 - 7. Let t = 2 - k. What are the prime factors of t/12 + 20/3?
7
Suppose 0 = -n + 4 + 1. Suppose 3 = -u + 2*z - 3*z, -n*u + 5*z = -35. Suppose 20 = u*f - 8. What are the prime factors of f?
2, 7
Suppose -4*p - 4*v + v = -415, -2*p + 215 = -v. What are the prime factors of p?
2, 53
Let p be 66/14 - 8/(-28). Suppose -p*w + 110 = -0*w. What are the prime factors of w?
2, 11
Let b(c) = c**3 - c**2 - 2*c. Let v be b(2). Let f(l) = 35*l**3 + 1. Let r be f(1). Suppose -q - 3*q + r = v. List the prime factors of q.
3
Let u(j) = -j**3 + 0 - 6 - 1 - 7*j**2 + 0*j - 8*j. What are the prime factors of u(-6)?
5
Let s = 84 - 40. What are the prime factors of s?
2, 11
What are the prime factors of (1 - -14)*27/15?
3
Let b(n) = n + 49. Let i = -1 + 1. Let l be b(i). Suppose 3*m - l = 4*x, -56 = -4*m + 2*x + x. List the prime factors of m.
11
Suppose 65 = -20*s + 21*s. List the prime factors of s.
5, 13
Suppose t - 1 = 0, 3*g + 78 = 8*g + 3*t. List the prime factors of g.
3, 5
Let j(z) be the first derivative of -z**3/3 + 7*z**2/2 - 5*z - 3. What are the prime factors of j(4)?
7
Suppose 86 = -5*i + 26. What are the prime factors of (-3 + (-8)/i)*-9?
3, 7
Suppose -2*w = -5*w + 678. Suppose 0 = -5*u - 3*g + w, -2 + 12 = 5*g. Suppose -v - u = -5*v. What are the prime factors of v?
11
Let b = 5 + -5. Suppose 6 = w - 4*h, 3*w = -b*w + 3*h + 18. List the prime factors of w.
2, 3
Suppose 4*x - 2 = 2*q, 5*q + 21 = -x + 5. Let i = 4 - 10. What are the prime factors of (-6)/q + i/(-1)?
2
Let a be 9/(-12)*24/2. Let f be (a/(-6))/(6/4). Let j = f + 1. What are the prime factors of j?
2
Suppose -7*q + 3*q = -8. Suppose -t = 5*n - q*t - 92, -4*n = -5*t - 82. List the prime factors of n.
2, 3
Suppose -u = 4*m + 2*u - 23, 2*m + 6 = 2*u. Suppose -5*t + m*w + 45 = -3, w + 9 = t. What are the prime factors of t?
2, 5
Let q = -3 - -10. Suppose 24 = 4*a - 4*y, 4*y = 2*a - 13 - q. What are the prime factors of a?
2
Let i(x) = -x**3 + 7*x**2 + 6*x - 3. What are the prime factors of i(7)?
3, 13
Let h be -1*(2 + 0 + -10). Suppose 0 = 4*u - 0*u - h. Suppose 0*b + u*b - 22 = 0. List the prime factors of b.
11
Suppose 0 = -4*r - 27 + 3. Let g(d) = -d**2 - 7*d. What are the prime factors of g(r)?
2, 3
Suppose -v - v - 16 = 0. Let k = -5 - v. Suppose k*g - 11 = 19. What are the prime factors of g?
2, 5
Let h(o) = o**3 - 27*o - 9*o**2 + 3 + 35*o + 4. Let b be h(8). Suppose 0 = b*d - 3*d - 72. List the prime factors of d.
2, 3
Let x(l) = l**2 - 2*l - 1. Let i be x(3). Suppose -4*d + 137 = 5*y - i*y, 5*d - 175 = -3*y. What are the prime factors of d/9 + 6/(-27)?
2
Let x be ((-296)/32)/(1/4). Let y = -19 - x. What are the prime factors of y?
2, 3
Let l = -11 + 16. Suppose 2 = -y, -4*k + 11 - 49 = l*y. Let a = 6 - k. What are the prime factors of a?
13
Let w(d) = d**2 - 3*d + 2. Let a be w(4). Let p = a + -10. List the prime factors of 0*(-2)/p + 10.
2, 5
Let r = -1 - -3. Suppose -k = r*k - 6. Suppose -4 = k*g - 3*g. List the prime factors of g.
2
Let y = 28 + -14. Suppose -5*r - 4 + y = 0. Let s = 8 + r. List the prime factors of s.
2, 5
Suppose -5*f + 65 = -4*f. What are the prime factors of f?
5, 13
Suppose 5*r = 4*d + 433, -4*r + 3*d + 241 = -105. What are the prime factors of r?
5, 17
Let x(p) = 